of r(v)?
3
Let j(l) = -6*l**2 + 9*l + 20. Let p(w) = 7*w**2 - 10*w - 21. Let z(k) = -6*j(k) - 5*p(k). List the prime factors of z(-6).
3, 5
Let t = 1940 - 1200. What are the prime factors of t?
2, 5, 37
Let t be (-10)/(-4)*(-40)/(-50). Suppose 0 = o - 2*l + 9, 4*o - l + t*l = 0. Let p(r) = -5*r + 2. List the prime factors of p(o).
7
Let b(x) = x**3 - 6*x**2 + 4*x + 4. Let c be b(6). Suppose -5*q = 5*m - 185, 4*q = m - 9 - c. List the prime factors of m.
37
Suppose 4*o - 337 = 207. Suppose -6*q = -2*q - o. List the prime factors of q.
2, 17
Suppose -24 = -4*v + 3*z, 4*z + z = -3*v - 11. Let s be (-8)/(-10)*1470/12. Suppose -x - s = -v*x. What are the prime factors of x?
7
Let u(n) = n**3 - 5*n**2 + 4*n - 4. Let x be u(4). Let a be (9/(-27))/((38/60)/(-19)). Let g = a - x. List the prime factors of g.
2, 7
Let u = 15 - 13. Let z be 3/((1 + u)/3). Suppose 4*c + 3*v = 63, 0 = -z*c - v + 3*v + 43. List the prime factors of c.
3, 5
Suppose 2*b - 2 = -r + 3*b, -2*r + 4*b - 2 = 0. Suppose r*c - 691 + 16 = 0. List the prime factors of c.
3, 5
Suppose 5*s + 3803 = 3*g, 3*s + 790 = 3*g - 3011. What are the prime factors of g?
2, 3, 211
Let m = 863 - 153. Suppose m = 4*n - 5*l, n + 4*n + l = 873. List the prime factors of n.
5, 7
Let n(h) = h - 32. Let s be n(11). What are the prime factors of s/2*32/(-6)?
2, 7
Suppose 8*p = 4*p - 8. Let t = -73 - -133. What are the prime factors of (p/(-4))/(1/t)?
2, 3, 5
Suppose 2*i + 356 = n - 207, 4*i + 569 = n. List the prime factors of n.
557
Let s = -1805 + 2882. List the prime factors of s.
3, 359
Let x(i) be the first derivative of i**5/10 - i**4/3 - i**3/6 + 2*i**2 - i + 5. Let c(b) be the first derivative of x(b). List the prime factors of c(3).
19
Let f = -5628 + 9917. What are the prime factors of f?
4289
Let q = 112 - 72. Suppose -35*c - 1520 = -q*c. What are the prime factors of c?
2, 19
Suppose -a - a = 56. Suppose -4*w - 2*n + 198 = 0, 2*w + 2*n - 96 = -0*w. Let u = w + a. What are the prime factors of u?
23
Suppose -q + 2*q - 4 = 0. Suppose 89 = 4*t - h, -4*t + 77 = q*h + 13. Suppose 0*b + b - t = 0. What are the prime factors of b?
3, 7
Suppose 13 = 4*s - 7. Suppose -2*d + 2 = o, 0 = -s*d + o + 28 - 9. Suppose 0 = -5*z + g + d*g + 246, -g = 5*z - 251. What are the prime factors of z?
2, 5
Let y be (24/32)/(2/8). Suppose y*j - 80 = -j. Suppose -26 - 5 = -2*r + 5*h, 5*r = h + j. List the prime factors of r.
3
Let k be (1 - 0)*192/48. Suppose -y + 2 = -3. Suppose -3*s - 13 = y*v - 76, -4 = -s + k*v. List the prime factors of s.
2
Let l = -25177 + 460. What are the prime factors of (-3)/(-24) - l/88?
281
Suppose 4*q - 2*n = 111 - 29, -21 = -2*q - 3*n. List the prime factors of (q/(-12))/((-3)/324) - 0.
2, 3
Suppose 0 = -3*j + 15, -3*x + 4*x - 2*j = -5. Suppose -x*m + 348 = -3*m. What are the prime factors of m?
2, 3, 29
List the prime factors of (1 + (-1)/5)/((-178)/(-514865)).
2, 13, 89
Let n(t) = 6*t**3 - 38*t**3 + 4*t**2 - 3*t**2 - 24*t**3. List the prime factors of n(-1).
3, 19
Let q(l) = 26*l**2 - 6*l + 6. What are the prime factors of q(-4)?
2, 223
Suppose -6*x - 4608 = -9*x. What are the prime factors of x?
2, 3
Let l = 74 + -72. Suppose 0 = 2*j + 3*m - 420, -3*j - 3*m + 623 = -l*m. What are the prime factors of j?
3, 23
Suppose -3*t - 2 = -20. Suppose 3*c + 4*s = -0*c + 86, -2*s + 32 = c. Let m = c + t. What are the prime factors of m?
2, 7
Suppose 237*h - 5982 = 231*h. List the prime factors of h.
997
Let u(f) = -14*f - 1. Let k(c) = c**3 - 3*c**2 + c. Let p be k(2). Let i be u(p). Let z = 50 - i. List the prime factors of z.
23
Suppose 3870 = -4*u + 9*u. What are the prime factors of u?
2, 3, 43
Let a(t) = -11*t - 350. List the prime factors of a(-55).
3, 5, 17
Let m = 669 + -476. Let u = -115 + m. Suppose 3*n + 3*o - u = n, 3*o - 6 = 0. List the prime factors of n.
2, 3
Let p = 11005 + -6428. List the prime factors of p.
23, 199
Let s = -130 - -52. Let i = s + 105. What are the prime factors of i?
3
Let l be (739 + -31)*(-2)/(-3). Suppose 2*w = -2*d + l, -3*d = -d - 4*w - 454. List the prime factors of d.
233
Let u = 11 + -11. Suppose 3*c - 7*c + 16 = u. Let n(i) = -i**3 + 5*i**2 + 2*i + 2. What are the prime factors of n(c)?
2, 13
Let u be (268/10)/((-28)/(-70)). List the prime factors of (-3)/3*u/(-1).
67
Let v(t) = t**2 - 21*t - 290. What are the prime factors of v(32)?
2, 31
Let n be (2/3)/((-7)/42) + 50. Let k = 132 - n. List the prime factors of k.
2, 43
What are the prime factors of (4/16)/(1/19940*5)?
997
Let n(h) = 0*h**2 - 2*h**2 - 6*h - 3 + h**2. Let m be n(-3). Let i = m + 42. What are the prime factors of i?
2, 3
Suppose z = -0*z - 7. Let n(g) = g**2 + 8*g + 3. Let u be n(z). What are the prime factors of ((-6)/u)/(6/28)?
7
Suppose 599 = 4*k - 1577. List the prime factors of k.
2, 17
Let j(p) = 4*p**2 + 23*p - 137. What are the prime factors of j(-23)?
2, 5, 29
Let p(f) = f**3 + 14*f**2 - 10*f + 11. Let q be p(-15). List the prime factors of q/(-12)*486/24.
2, 3
Suppose -78 = -5*v - v. Suppose v*s = 17*s - 1124. List the prime factors of s.
281
What are the prime factors of ((-1869)/49 + -5)*-28?
2, 151
Let g be (176/40)/(2/5). Suppose g = -4*q - 3*i, -3*q + i = -6*q - 2. List the prime factors of q - -1*(-2 - -26).
5
Suppose -2*p + 4*w = 14, p + p = 2*w - 8. Let a = p + 12. Let c(z) = 2*z + 10. List the prime factors of c(a).
2
Let k = -327 + 591. What are the prime factors of k?
2, 3, 11
Let j(o) = 2*o**3 - 10*o**2 + 8*o + 2. Let r be j(4). Suppose r*s = 46 + 82. List the prime factors of s.
2
Let g(y) = 15*y - 47. Let d(z) = -10*z + 31. Let a(b) = 7*d(b) + 5*g(b). Let c(s) = -s - 10. Let p be c(-20). What are the prime factors of a(p)?
2
Suppose -3823 = -4*g - 8*l + 9*l, g = l + 955. List the prime factors of g.
2, 239
Suppose -2*w = -35 - 447. List the prime factors of w.
241
Let j(u) = -40*u**3 + 2*u**2. What are the prime factors of j(-3)?
2, 3, 61
Let x = -2 + 6. Let n be (-9)/1*1*-5. Suppose s = x*s - n. List the prime factors of s.
3, 5
What are the prime factors of 9*(-36)/(-270)*7970/6?
2, 797
Let p = -25 - -25. Suppose -4*d + 2*u + 312 = p, 3*u - u = 3*d - 236. List the prime factors of d.
2, 19
Let m(d) = 172*d + 4. Let p(y) = y + 2. Let s be p(-1). List the prime factors of m(s).
2, 11
Let k be (-63)/(-15) - (-4)/(-20). Suppose 0 = -k*a + 5*a - 4. Suppose -2*j - 6 - a = 0, -5*n + 5*j + 125 = 0. List the prime factors of n.
2, 5
Let k(l) = -l**2 + 7*l - 4. Let u be k(4). Let r(s) = -s**3 + 8*s**2 + s - 1. Let m be r(u). Suppose -m = -x + 15. List the prime factors of x.
2, 11
Suppose 1 = 3*t - 5. Suppose t*d + 1 = 5. List the prime factors of 588/24 - 1/d.
2, 3
Suppose 38*s = 36*s + 128. What are the prime factors of s?
2
Let z = -17 - -14. Let o = -1 - z. Suppose -o*w = -5*w + 15. List the prime factors of w.
5
Suppose 5*j = 4*j + 3*d + 1589, -2*d - 4739 = -3*j. List the prime factors of j.
19, 83
Suppose 3*o + 9 = -5*n, o = -2*n - n - 3. Suppose 0*z + 3 = 3*z, n = y - z - 28. List the prime factors of y.
29
Suppose -534*x + 539*x = 10325. What are the prime factors of x?
5, 7, 59
What are the prime factors of 5 + 673 + 4 + (-9)/3?
7, 97
Let k be 8/(-10)*100/(-5). Suppose 4*u + 15 = 3*r, r - 6*u - k = -u. Suppose y - 3 = r. What are the prime factors of y?
2
Suppose -2*x + 2 = z + 2*z, -5*z = -2*x + 18. Suppose -255 = -5*b + 5*g, -4*g = -x*b + b + 149. What are the prime factors of b?
5, 11
Suppose 0 = 7*j - 11*j + 5*d + 11442, -j - 5*d = -2848. List the prime factors of j.
2, 1429
Suppose -4 = -2*h - 0. Suppose -5*v + a = -66, 0*a = -h*v - 3*a + 23. Suppose 71 = 7*b - 4*b + 4*c, 4*c - v = -b. What are the prime factors of b?
29
Suppose -m + w = -813, 30*m - 29*m + 2*w - 813 = 0. What are the prime factors of m?
3, 271
Suppose -l - 541 = -2*l - 4*b, 0 = 3*l - 5*b - 1708. List the prime factors of l.
3, 11, 17
Suppose -23*g = 3907 - 18880. What are the prime factors of g?
3, 7, 31
What are the prime factors of 80*(189/9 + -8)?
2, 5, 13
Let h(i) = 12*i**2 + 2*i + 5. Let p be h(4). Suppose p = 2*b + n, -b - 3*b + 395 = -n. Suppose -s + 3*m - 9 = -39, 4*s = 2*m + b. List the prime factors of s.
2, 3
Suppose -132*s = -115*s - 20740. List the prime factors of s.
2, 5, 61
Suppose 22*a = 20*a + 1400. List the prime factors of a.
2, 5, 7
Let w(r) = -r**2 + 4*r + 1. Suppose 